 4*l = -42*r + 38*r + 375848, 2*r + 3*l = 187919. Is r composite?
False
Is 7 - ((-6)/7)/(21/8451471) composite?
True
Suppose -5*p + 297*b = 294*b - 1757248, 5*p - 1757249 = 4*b. Is p a prime number?
False
Let g(z) = 789*z**2 + 203*z - 1273. Is g(6) a composite number?
False
Let n = 287 + -284. Suppose -n*c + 2621 + 748 = 0. Is c prime?
True
Let b(k) = k. Let p(t) = -607*t**2 + 9*t. Let f(x) = 6*b(x) - p(x). Let w be f(-2). Suppose 4*a - 2*a = w. Is a a prime number?
True
Let c = -725 - -5474. Let f = c + -202. Is f a prime number?
True
Let h = 3486 - -290. Let l = h + -1713. Is l prime?
True
Let z(t) be the second derivative of 2/3*t**3 - 1/10*t**5 + 0*t**4 + 0 - 1/2*t**2 - 10*t. Is z(-6) a composite number?
True
Suppose -5*t + 8394 = 2*b - 27609, -71967 = -4*b + 3*t. Suppose s - b = -4*v, -2*s = 3*v - 15356 + 1863. Is v a composite number?
True
Suppose 4405 = v - 0*v. Let h be (-87 - -85)*(-733)/(-1). Let s = v + h. Is s prime?
True
Suppose 5*s = -11*s - 23*s + 5088759. Is s a composite number?
True
Let n(c) = 7*c**3 + c**2 - 2*c + 4. Let a be n(2). Let x = a + -52. Suppose 2*w = x*w - 5322. Is w a prime number?
True
Is 674355/13 - 102/221 a composite number?
True
Let m be (-3 + 1 + 1)/(34/340). Is m - -2558 - (2 + 1) composite?
True
Let w = -8732 + 82425. Is w prime?
True
Suppose a = 2 - 7, -5*u = a - 1208850. Is u composite?
False
Suppose -5*m + 15 = 5*g, -m - g - g = -1. Suppose -5*a + 5*x - 955 = -8510, 0 = -5*a - 3*x + 7571. Suppose m*c - a = 3192. Is c a composite number?
False
Let j(a) = a**3 + 4*a**2 - 22*a - 72. Suppose 25*k + 425 = 50*k. Is j(k) composite?
False
Let r(y) = 2*y**2 - 12*y + 5. Let v = -15 + 21. Let c be r(v). Suppose -1505 = -4*j + c*f + 445, 0 = -4*j - 4*f + 1932. Is j a prime number?
False
Suppose 46*b = 49*b. Suppose -6*h - h + 1323 = b. Suppose 8*f = -4*q + 3*f + h, 5*f - 51 = -q. Is q a composite number?
True
Let b = 6798 + -6784. Let v(t) = 3*t**2 - 2*t - 27. Let n(y) = -y**2 - y. Let x(q) = -3*n(q) + v(q). Is x(b) composite?
False
Let b be (49/(-14) + 4)/(5/67930). Suppose -2280 = -3*x - 4*h + 18119, 3*h - b = -x. Is x composite?
True
Let g(f) be the third derivative of -7*f**4/24 + 11*f**3/6 + 2*f**2. Let j be g(-20). Let c = 51 + j. Is c composite?
True
Suppose 6*x - 14958 - 19080 = 0. Let k = x - -290. Is k prime?
False
Is (3/(-2))/((-156)/1948024) prime?
True
Let m(t) = 4*t - 14. Let p(z) = -1. Let b(r) = m(r) - 10*p(r). Let f be b(13). Let s = 727 - f. Is s prime?
False
Is ((-751148)/6)/(10/(-15)) a composite number?
False
Let c = -462 + 638. Is 132/c - 31045/(-4) a composite number?
True
Suppose -2512149 = -18*i + 1178322 - 202809. Is i a prime number?
False
Suppose 93*n + 606 = 87*n. Let x = n + 101. Suppose -5*b = 3*q - 418, -b + 6*b - q - 414 = x. Is b composite?
False
Suppose -5*m + 54 + 246 = 0. Let c be 8/3*m/80. Is 3/c + -1*(-1275)/10 a composite number?
True
Let j = -32930 - -51778. Let g = j - 6265. Is g a composite number?
False
Is ((-4)/(-6))/(112/12310536) prime?
True
Let b = -831951 + 1206420. Is b prime?
False
Let f(v) = -3*v**2 + 10*v + 22. Let z be f(11). Let u = -118 - z. Is (10 + 12)*(-1)/(-2)*u composite?
True
Let q = 210138 - 141325. Is q prime?
True
Let y(c) = -c**3 - 20*c**2 + 3*c - 1. Let f be (-11)/(-2 + 10/4). Is y(f) a composite number?
True
Suppose 16 + 3 = -3*x - 4*z, -x = -2*z + 3. Let q(d) be the third derivative of -503*d**4/24 - d**3/3 - 55*d**2 + 4*d. Is q(x) a composite number?
True
Let w(m) = 8*m**2 + 30*m + 41. Suppose 0 = -2*q - p - 36, -11*q - 4*p - 59 = -8*q. Is w(q) a composite number?
True
Suppose 242 = -3*m + 236. Let k(f) = -190*f**3 + 10*f + 11. Is k(m) a composite number?
False
Let n be (-23283)/(-78)*(-14)/3. Let w = 600 - n. Is w a composite number?
False
Suppose -323671 - 1339588 = -13*k. Is k composite?
True
Let s(y) = -4*y**3 - 14*y**2 - 15*y + 9. Let o be s(-11). Let b = 125 - o. Let u = b - -5333. Is u a composite number?
True
Suppose 1 = 3*l - 2*a - 3, 5*l - 40 = -5*a. Suppose l*y + 932 = 3*t - y, t = 3*y + 304. Is t prime?
False
Let w = 3 + -4. Let i be (314/(-6))/(w/30). Suppose -k - k = -i. Is k a composite number?
True
Suppose -m + 4*p + 35127 = 0, -4*m + 98718 + 41870 = 4*p. Is m prime?
False
Let z = -16122 + 27275. Is z a prime number?
False
Is ((-5573422)/57)/(8/(-12)) composite?
False
Let i(c) = 61*c**2 + 2*c - 61. Let j = -471 + 477. Is i(j) a prime number?
False
Let a(l) = 5*l + 6. Let u = -53 + 51. Let w be a(u). Is w*(-2)/4*61470/36 composite?
True
Suppose -13036423 = -30*g + 7423799 - 3088632. Is g a prime number?
True
Let k = 138761 - 17568. Is k a prime number?
False
Suppose -3*m = 4*z - 303478, 15*m = -5*z + 10*m + 379355. Is z a prime number?
False
Let u(c) be the first derivative of c**4/4 - 26*c**3/3 - 41*c**2/2 - 61*c + 115. Is u(30) a composite number?
False
Let m = 253 + -253. Suppose m = 43*g - 29*g - 23170. Is g composite?
True
Let u = 102544 + -12653. Is u composite?
False
Let u(h) = -2*h**2 + 4*h + 2. Let i be u(4). Let f be 54/(-135) + i/(-10). Is 317 - ((-4 - f) + 3) a prime number?
False
Let c(b) be the first derivative of -b**4/4 + 6*b**3 - 13*b**2/2 + 21*b - 200. Let k(l) = 9*l**2 + l. Let w be k(1). Is c(w) prime?
True
Let u(k) = -k**2 + 9*k + 20. Let b be u(11). Let c(a) = -1321*a**3 + 6*a**2 + 15*a - 3. Is c(b) a prime number?
True
Let a = -41640 - -96707. Is a composite?
True
Suppose -18 = -v - 24. Is 0 - 26095/(v - -1) a prime number?
False
Let u(g) be the first derivative of 3*g**5/20 - g**4/3 - g**3/3 + g**2 - 19*g + 43. Let l(r) be the first derivative of u(r). Is l(9) a composite number?
False
Suppose 5*f - 8 = -23, -g = -4*f - 17. Suppose 2*w = 3*w - 2602. Suppose -n = 2*n + 3, 3*n - w = -g*y. Is y a composite number?
False
Let p = -65202 - -93661. Is p prime?
False
Suppose 32*o + 7417 - 30585 = 0. Suppose -2*g + 14098 = -o. Is g prime?
True
Let c(y) = 2287*y**2 - 68*y + 754. Is c(11) prime?
False
Let b = 373 + -406. Is (b/99)/(0 - 3/28467) a composite number?
False
Suppose -d = -3*d + 5*k - 1245, 5*d + 2*k = -3185. Let j = -316 - d. Is j composite?
True
Let q(w) be the second derivative of w**4/12 + 91*w**3/6 - 99*w**2/2 + 111*w. Is q(47) a prime number?
False
Let h(q) = -222*q**3 - 13*q**2 - 17*q - 69. Is h(-8) composite?
True
Suppose 2*v = 5*a + 34, -v + 4*v - 13 = -2*a. Let z(s) = -5*s + 19. Let u be z(v). Is (-2956)/u + 3/12 prime?
False
Let t = 67 + -65. Suppose t*s + 0 = -8. Let d(n) = -10*n - 1. Is d(s) composite?
True
Let d be (2*1/(-6))/((-2)/17166). Let r = d + -1464. Is r a composite number?
True
Let z = 20112 - 14023. Is z prime?
True
Let u(v) = -3*v**3 - 5*v**2 - 42*v + 49. Is u(-13) a composite number?
True
Let y = 310 + -321. Let w(j) = j**3 + 12*j**2 - 24*j - 6. Is w(y) composite?
False
Suppose 5 = 2*v - 5. Suppose -3*d - b = -7838, 4*b = v*d - 0*b - 13035. Suppose 1774 = 2*f - 5*j, 3*f - d = -3*j - 2*j. Is f composite?
False
Suppose -5 = 5*c + 4*t - 26, 2*c - 14 = 4*t. Suppose -5*m + 1892 + 20358 = -c*k, 5*m - 22271 = -2*k. Is m composite?
True
Let u = 0 - -1. Let b = 2580 - 2584. Is 115 + 3 + b - (0 + u) a prime number?
True
Let p(y) be the first derivative of 22*y**3/3 - 3*y**2/2 - 13*y + 96. Is p(6) a prime number?
True
Let d = -13097 + 31936. Is d prime?
True
Let i be (-26)/78 + (-997)/(-3). Let j = 11245 - i. Is j composite?
True
Let o(x) = 2479*x - 482. Is o(37) a prime number?
False
Suppose 49*n + 1118272 = 113*n. Is n a composite number?
True
Let j(c) = 7*c**3 + 6*c**2 + 5*c - 14. Let d be j(10). Suppose 4*s - 2*k = d, 0 = -5*s + 3*k + 2*k + 9545. Is s prime?
False
Suppose -3*u = -12*u + 150120. Let f = 30329 - u. Is f composite?
False
Let l = 20 - 2. Let q(t) = 2*t**3 + 13*t**2 + 12*t + 9. Let k be q(-6). Is (-322)/3*k/l a prime number?
False
Suppose 7*p - 112095 = 196892. Suppose -18*q + p = -30145. Is q a composite number?
False
Suppose 2945234 = 2*a - f, -2302388 = -5*a + 4*f + 5060703. Is a composite?
True
Let h(s) = 114546*s**3 - 2*s**2 + 4*s - 1. Is h(1) prime?
True
Suppose -284*w + 291*w - 1934856 = 0. Suppose 752004 = 36*n + w. Is n composite?
True
Let j(d) = 2*d**2 + d. Let o be j(0). Suppose -5*f - 2*y + 1957 = o, 3*f - 1183 = -6*y + 7*y. Is (-2 + (-10 - -2))/((-6)/f) prime?
False
Let l = -2973 - -694. Let r = 7290 + l. Suppose 2*j - r = -5*i, 0*j - 4 = 2*j. Is i composit